 (3/(-9))/(4/(-72)). Let l be y/4 - (-40)/16. What is the highest common divisor of 32 and l?
4
Let p(t) = 2*t**2 - 19*t + 32. Let v be p(13). Calculate the highest common factor of 41 and v.
41
Let r be (-5)/15 + (-1192)/(-12). Calculate the highest common factor of 9 and r.
9
Suppose 0 = 9*w - 92 - 7. Calculate the highest common divisor of 88 and w.
11
Let j be 12 + 2 + -1 + 0. Let v(u) = 8*u**2 + 4*u - 1. Let z be 14/63 + (-68)/(-18). Let y be v(z). What is the greatest common divisor of y and j?
13
Let l = -18 + 21. Suppose 0*m = l*m - 15. What is the highest common factor of m and 55?
5
Let a be 0/(3 + 0) + 85. Suppose -2*n = -0*n + 5*k - 61, a = 2*n - 3*k. Let b = n + -17. What is the greatest common divisor of b and 14?
7
Suppose 0 = 22*s - 24*s + 4. Let k(u) be the second derivative of -11*u**3/6 + 2*u. Let w be k(-2). What is the greatest common divisor of s and w?
2
Suppose h = 4*h + 4*t - 34, h + 5*t = -7. Let f(y) = 243*y - 1. Let m be f(2). Let w = -305 + m. What is the highest common factor of w and h?
18
Suppose 3*p = 3, -2*m - 1 = -5*p - 26. Calculate the greatest common factor of m and 105.
15
Suppose -g = -2 + 1. What is the greatest common factor of g and 5?
1
Let l = 36 - 18. Calculate the highest common factor of 90 and l.
18
Let z be (-2)/(-7) + 1020/105. Calculate the greatest common factor of 4 and z.
2
Let p(v) = -v**3 - 5*v**2 - 4*v. Let x be p(-7). Calculate the highest common divisor of 18 and x.
18
Let a(h) = 6*h + 1. Let j be a(9). Calculate the highest common divisor of 5 and j.
5
Let d be (-3)/((-20)/(-8) + -4). What is the highest common factor of d and 8?
2
Let b(y) = 44*y**2 + y. Let j be b(1). Let s be 0 + ((-6)/(-3))/1. Suppose 21 = s*p + 2*l - 1, 0 = 2*l + 8. Calculate the greatest common divisor of p and j.
15
Let m(g) = -38*g - 4. Let s be m(-1). Calculate the highest common factor of 17 and s.
17
Let b = -1 - -4. Suppose -5*t + 0*r + 107 = 3*r, -t + b = -4*r. Calculate the greatest common divisor of 95 and t.
19
Let b be 2 - (29 - -4)/(-3). Calculate the highest common divisor of 13 and b.
13
Let z be 6/15 - (-88)/5. What is the greatest common divisor of 27 and z?
9
Suppose -4*t - 3 = -3*a - t, -2*a - 5*t - 5 = 0. Let s = a + 5. What is the highest common factor of 1 and s?
1
Let j be (205/(-10))/(1/(-2)). Suppose 14 = 5*l - j. Suppose 4*v - 124 = 96. What is the greatest common factor of l and v?
11
Let u = -52 + 304. Calculate the greatest common divisor of 36 and u.
36
Let r(v) be the third derivative of 2*v**5/5 + v**4/12 - v**3/6 + 2*v**2. Let k be r(2). Calculate the greatest common factor of k and 9.
9
Suppose 4*p = -a + 5, -4*a + a + 1 = 5*p. Let h = -2 - -4. Let x be ((-3)/h)/(2/(-4)). What is the greatest common factor of p and x?
1
Let t(l) = 2*l + 6. Suppose -p = 2*p - 36. Let v be t(p). Suppose 3*j = j + 40. What is the greatest common factor of v and j?
10
Suppose -5*s + 182 + 78 = 0. Let w = s + 18. Calculate the highest common factor of w and 14.
14
Let q be 5/(15/6) - 1. Suppose -g + q = 0, -4*g + g + 1 = -r. Let m be (-18)/(-5) - r/(-5). Calculate the greatest common divisor of 28 and m.
4
Let w be -46 + 0/(1 - -1). Let l be (30/(-12))/(1/w). Let o = l + -59. What is the greatest common divisor of 8 and o?
8
Let t = 71 - 45. Let q = 38 + 27. Calculate the greatest common divisor of t and q.
13
Let q = -19 + 31. Suppose -b - 230 = -5*w - 6*b, -182 = -4*w - 5*b. What is the greatest common factor of w and q?
12
Let d(u) be the third derivative of u**6/120 + u**5/20 - u**4/8 + u**3/2 + 3*u**2. Let q be d(-3). What is the highest common factor of 30 and q?
6
Suppose 0 = 4*r, 5*h - 9 = -2*r + 11. Suppose 5*p - 280 = -0*p + h*t, 3*t - 56 = -p. Calculate the greatest common factor of p and 8.
8
Let w = -2 + 4. Let b(l) = -l**2 + l + 5. Let u(a) = a - 1. Let f be u(1). Let c be b(f). Calculate the highest common factor of c and w.
1
Suppose -5*d = p - 3*d + 3, -5*p + 5*d = 45. Let z be (-8*1)/(p + 5). Let j = 5 - -1. What is the highest common divisor of j and z?
2
Let s(y) = 2 + 2 - 4*y**2 - y**3 - 2*y - 1. Let f be s(-4). Let g = 26 - -51. What is the highest common divisor of f and g?
11
Let t be ((-7)/(-14))/((-1*1)/(-26)). Calculate the highest common factor of t and 91.
13
Let l be ((-2)/(-2))/(-9 - -8). Let g(o) = 4*o**2 + 2*o + 1. Let j be g(l). Calculate the highest common divisor of 21 and j.
3
Let a = 1 - 0. Let h be (0 - 1)/a + 56. Suppose -9 - h = -4*v. Calculate the highest common divisor of v and 2.
2
Let m(f) be the third derivative of -f**6/120 + f**5/15 - f**4/24 - f**3/3 + 9*f**2. Let h be m(3). Calculate the greatest common divisor of h and 4.
4
Let p = 16 - 8. Let u be 1*16 - (-1 - -1). Calculate the greatest common divisor of u and p.
8
Let x be ((-16)/(-6))/(6/9). Suppose -386 = -x*z - 98. What is the highest common divisor of 8 and z?
8
Let y(n) = -21*n - 4. Let o(z) = -z**2 - 5*z - 4. Let p be o(-5). Let u be y(p). Let f be 42/3 - (20 - 16). Calculate the greatest common factor of f and u.
10
Suppose -4*z = -z. Let x = z - -7. What is the highest common divisor of x and 77?
7
Let a = 5 - 2. Let z = a + 2. Suppose 7*q - 3*q - 60 = 0. What is the highest common factor of z and q?
5
Let d be (-105)/84 + (-202)/(-8). Calculate the greatest common divisor of 108 and d.
12
Let w(n) = -n**3 - 6*n**2 + 3*n - 4. Let t be w(-8). What is the greatest common factor of 20 and t?
20
Let u(h) = h**3 - 7*h**2 + 8*h - 3. Let f be u(6). Let z be 2/(-6) - 894/(-9). Suppose j + z = 2*j. What is the highest common factor of j and f?
9
Let n be (27/(-15))/(18/(-15) + 1). What is the highest common divisor of n and 6?
3
Suppose -5*f + 23 + 22 = 0. Let b(j) = -21*j. Let i be b(-3). Calculate the highest common factor of i and f.
9
Let q be 3 - 7/(21/(-72)). Calculate the highest common divisor of q and 18.
9
Let g(i) = -i**3 + 9*i**2 + i - 3. Let o be g(9). Calculate the highest common factor of 66 and o.
6
Let n be (3 + 30/(-4))/((-4)/16). Calculate the highest common divisor of n and 54.
18
Suppose q + 2*b = 39, 195 = 5*q + 4*b - 2*b. Let z = q - -6. Calculate the greatest common factor of z and 5.
5
Let j be (1 - 1)/(-2) - 4. Let i be (-17)/4*1*j. What is the greatest common factor of i and 17?
17
Suppose 270 + 50 = 8*c. What is the highest common divisor of c and 16?
8
Suppose -90 - 78 = -4*u. Suppose 0 = 5*t - 109 - 31. Calculate the greatest common factor of t and u.
14
Suppose -4*z = -5*u + 14 - 57, 4*u + 14 = 2*z. Let m = -1 + z. Calculate the greatest common divisor of 40 and m.
8
Suppose 4*g - 2*u = 26, -g + 5*u + 11 = 3*u. Suppose 0 = -w - 3*w + 4. Calculate the greatest common factor of w and g.
1
Let o(i) = i**3 + 9*i**2 - i - 6. Let z be o(-9). Let u be (3 - (-3)/z) + 2. Let b be (-4)/2 + (u - -6). What is the greatest common factor of b and 15?
5
Let d(o) = 4*o**2 - o - 4. Let v = -9 + 6. Let n be d(v). Suppose -2*x - n = -7*x. What is the greatest common factor of 28 and x?
7
Let x = -153 + 155. What is the greatest common factor of 34 and x?
2
Suppose -39 = -3*n + 3*l, n - 3*l - 26 = -n. Calculate the highest common divisor of n and 13.
13
Let h(z) = -z**2 + 11*z - 22. Let l be h(9). Let d be l/30 - (-8828)/60. Suppose 0 = -0*w + 2*w - 42. Calculate the greatest common factor of w and d.
21
Let b(d) = -3*d - 3. Let c be b(-10). Calculate the greatest common factor of c and 54.
27
Let b(m) be the third derivative of -m**3 - 2*m**2 + 1/4*m**4 + 1/60*m**5 + 0 + 0*m. Let v be b(-7). What is the greatest common factor of 1 and v?
1
Suppose v = -0 + 4. Suppose 0 = -v*f - 103 - 117. Let z = 154 + f. Calculate the highest common divisor of z and 9.
9
Suppose -3*q - 6*m + 3*m = -120, -m + 220 = 5*q. Calculate the highest common divisor of 10 and q.
5
Suppose 2*i - i - 7 = 0. Suppose 4*g = -2*p - 12, 0 = -2*p - 8*g + 3*g - 17. Suppose 33 - 5 = p*j. What is the greatest common divisor of j and i?
7
Suppose -q + 1 = r, -3*r + 7 = -3*q - 26. Let t(l) = -4*l + 3. Let d be t(-3). What is the greatest common divisor of r and d?
3
Let r = 0 - -33. Calculate the highest common divisor of r and 3.
3
Suppose i = w - 13 - 7, 0 = 4*w - i - 80. Calculate the highest common divisor of w and 100.
20
Let m = 18 + 6. Calculate the greatest common divisor of m and 12.
12
Let f = -120 + 206. Let x